{"id":1258,"date":"2024-04-22T15:12:49","date_gmt":"2024-04-22T13:12:49","guid":{"rendered":"https:\/\/archiviodistatodinuoro.cultura.gov.it\/?page_id=1258"},"modified":"2024-05-15T12:56:02","modified_gmt":"2024-05-15T10:56:02","slug":"rilascio-di-copie-conformi","status":"publish","type":"page","link":"https:\/\/archiviodistatodinuoro.cultura.gov.it\/?page_id=1258","title":{"rendered":"Rilascio di copie conformi"},"content":{"rendered":"\n<p><\/p>\n\n\n\n<p class=\"has-text-align-left\">Pu\u00f2 essere richiesto il rilascio di <em>copie conformi all\u2019originale<\/em> ai sensi dell\u2019art. 18 del D.P.R. 28 dicembre 2000, n. 445, recante \u201cTesto unico delle disposizioni legislative e regolamentari in materia di documentazione amministrativa\u201d.<\/p>\n\n\n\n<p>La copia conforme all\u2019originale \u00e8 un atto o un documento che ne riproduce l\u2019originale, sul quale viene aggiunta la dichiarazione della conformit\u00e0 da parte di un pubblico ufficiale. Con la conformit\u00e0 si dichiara che la copia \u00e8 identica all\u2019originale da cui \u00e8 tratta e che fa fede alla pari di esso.<\/p>\n\n\n\n<p class=\"has-text-align-center\"><strong>Come richiedere la copia conforme<\/strong><\/p>\n\n\n\n<p>Il richiedente \u00e8 tenuto alla compilazione dell\u2019apposito <a href=\"http:\/\/archiviodistatodinuoro.cultura.gov.it\/wp-content\/uploads\/2024\/05\/Richiesta-copie-conformi.docx\" target=\"_blank\" rel=\"noreferrer noopener\">modulo<\/a>, corredato da marca da bollo da 16,00 euro, completo di tutte le informazioni di cui si \u00e8 in possesso e al quale va allegata copia del documento d\u2019identit\u00e0. Nel caso in cui la richiesta venga presentata da terze persone per conto del richiedente, \u00e8 obbligatorio allegare anche una delega.<\/p>\n\n\n\n<p>Al fine del rilascio, \u00e8 altres\u00ec necessario il pagamento di una marca da bollo da 16,00 euro per ogni foglio (inteso composto da quattro facciate) di cui si richiede copia conforme.<\/p>\n\n\n\n<p>Restano salve le esenzioni in materia di imposta di bollo previste dalla legge.<\/p>\n\n\n\n<p>L\u2019imposta di bollo pu\u00f2 essere assolta anche elettronicamente tramite il servizio <a href=\"https:\/\/pagonline.cultura.gov.it\/pagamenti-pagopa\/acquista\/bollo.do\" target=\"_blank\" rel=\"noreferrer noopener\">Acquista @e.bollo<\/a> e trasmessa per posta elettronica o posta elettronica certificata.<\/p>\n\n\n\n<p>La copia conforme viene rilasciata entro 30 giorni dall\u2019accettazione della richiesta e previo pagamento, mediante il portale di <a href=\"https:\/\/pagonline.cultura.gov.it\/pagamenti-pagopa\/operazioni\/home.do\" target=\"_blank\" rel=\"noreferrer noopener\">PagoPa<\/a>, del rimborso per il servizio di riproduzione cos\u00ec come stabilito nell\u2019apposito <a href=\"https:\/\/archiviodistatodinuoro.cultura.gov.it\/wp-content\/uploads\/2024\/05\/Tariffario.pdf\" target=\"_blank\" rel=\"noreferrer noopener\">Tariffario<\/a>.<\/p>\n\n\n\n<p>Qualora non si conoscano nel dettaglio gli estremi del documento di cui si chiede copia conforme, \u00e8 possibile effettuare una previa \u201cRicerca per corrispondenza\u201d, inviando la richiesta all\u2019indirizzo mail dell\u2019Istituto: <a href=\"mailto:as-nu@cultura.gov.it\">as-nu@cultura.gov.it<\/a>, secondo le istruzioni contenute nella presente <a href=\"https:\/\/archiviodistatodinuoro.cultura.gov.it\/?page_id=182\" target=\"_blank\" rel=\"noreferrer noopener\">pagina<\/a>.<\/p>\n\n\n\n<p class=\"has-text-align-center\"><strong>Copie conformi informatiche di documenti analogici<\/strong><\/p>\n\n\n\n<p>L\u2019Archivio di Stato di Nuoro rilascia anche <em>copie conformi informatiche<\/em> di documenti analogici cos\u00ec come stabilito dalle Linee guida Agid sulla formazione, gestione e conservazione dei documenti informatici (Par. 2.2 Copie per immagine su supporto informatico di documenti analogici).<\/p>\n\n\n\n<p>Anche in questo caso, la copia viene inviata esclusivamente al titolare della richiesta o a un suo delegato per i fini dichiarati, entro 30 giorni dall\u2019accettazione della richiesta e previo assolvimento dell\u2019imposta di bollo e del rimborso per il servizio di riproduzione, come previsto nel paragrafo precedente.<\/p>\n","protected":false},"excerpt":{"rendered":"<p>Pu\u00f2 essere richiesto il rilascio di copie conformi all\u2019originale ai sensi dell\u2019art.<\/p>\n","protected":false},"author":1,"featured_media":0,"parent":685,"menu_order":4,"comment_status":"closed","ping_status":"closed","template":"","meta":{"footnotes":""},"tags":[],"class_list":["post-1258","page","type-page","status-publish","hentry"],"_links":{"self":[{"href":"https:\/\/archiviodistatodinuoro.cultura.gov.it\/index.php?rest_route=\/wp\/v2\/pages\/1258","targetHints":{"allow":["GET"]}}],"collection":[{"href":"https:\/\/archiviodistatodinuoro.cultura.gov.it\/index.php?rest_route=\/wp\/v2\/pages"}],"about":[{"href":"https:\/\/archiviodistatodinuoro.cultura.gov.it\/index.php?rest_route=\/wp\/v2\/types\/page"}],"author":[{"embeddable":true,"href":"https:\/\/archiviodistatodinuoro.cultura.gov.it\/index.php?rest_route=\/wp\/v2\/users\/1"}],"replies":[{"embeddable":true,"href":"https:\/\/archiviodistatodinuoro.cultura.gov.it\/index.php?rest_route=%2Fwp%2Fv2%2Fcomments&post=1258"}],"version-history":[{"count":7,"href":"https:\/\/archiviodistatodinuoro.cultura.gov.it\/index.php?rest_route=\/wp\/v2\/pages\/1258\/revisions"}],"predecessor-version":[{"id":1501,"href":"https:\/\/archiviodistatodinuoro.cultura.gov.it\/index.php?rest_route=\/wp\/v2\/pages\/1258\/revisions\/1501"}],"up":[{"embeddable":true,"href":"https:\/\/archiviodistatodinuoro.cultura.gov.it\/index.php?rest_route=\/wp\/v2\/pages\/685"}],"wp:attachment":[{"href":"https:\/\/archiviodistatodinuoro.cultura.gov.it\/index.php?rest_route=%2Fwp%2Fv2%2Fmedia&parent=1258"}],"wp:term":[{"taxonomy":"post_tag","embeddable":true,"href":"https:\/\/archiviodistatodinuoro.cultura.gov.it\/index.php?rest_route=%2Fwp%2Fv2%2Ftags&post=1258"}],"curies":[{"name":"wp","href":"https:\/\/api.w.org\/{rel}","templated":true}]}}